umber?
False
Is 2973 prime?
False
Is 82666 a prime number?
False
Is 10037 prime?
True
Is 39499 prime?
True
Is 6817777 a composite number?
False
Is 664177 prime?
True
Is 32327 a composite number?
False
Is 7177 a composite number?
False
Is 15514 prime?
False
Is 42481 prime?
False
Is 23263 a prime number?
False
Is 49639 composite?
False
Is 40423 a composite number?
False
Is 68351 prime?
True
Is 146273 composite?
False
Is 125237 a composite number?
True
Is 87551 composite?
True
Is 228299 composite?
False
Is 1431491 prime?
True
Is 126667 composite?
True
Is 755267 a prime number?
True
Is 111161 prime?
False
Is 12349 composite?
True
Is 1232303 a composite number?
True
Is 55457 a composite number?
False
Is 631 a composite number?
False
Is 20602 composite?
True
Is 130379 prime?
True
Is 291643 a prime number?
False
Is 84629 prime?
True
Is 298 a composite number?
True
Is 122701 prime?
True
Is 1393 a prime number?
False
Is 119693 a composite number?
True
Is 259 prime?
False
Is 5449 a composite number?
False
Is 4399361 a prime number?
True
Is 319 a prime number?
False
Is 9587 a prime number?
True
Is 218941 a prime number?
True
Is 191413 prime?
True
Is 195119 a composite number?
True
Is 35141 a prime number?
True
Is 960467 composite?
False
Is 36551 a composite number?
False
Is 89 a composite number?
False
Is 15403 a prime number?
False
Is 47179 composite?
True
Is 4295 composite?
True
Is 33577 prime?
True
Is 5897 composite?
False
Is 55987 prime?
True
Is 10675147 composite?
True
Is 28369 a composite number?
True
Is 39415 a prime number?
False
Is 27377 composite?
True
Is 254071 a prime number?
True
Is 384519 prime?
False
Is 257981 prime?
True
Is 2154719 a composite number?
True
Is 1520087 a composite number?
True
Is 12143 prime?
True
Is 15559 prime?
True
Is 36433 a composite number?
False
Is 141413 a composite number?
False
Is 13331 composite?
False
Is 654877 a composite number?
False
Is 18301 composite?
False
Is 18143 composite?
False
Is 99347 prime?
True
Is 10417 prime?
False
Is 2939 a prime number?
True
Is 42689 composite?
False
Is 311601 composite?
True
Is 342791 composite?
False
Is 15577 composite?
True
Is 22901 a composite number?
False
Is 145099 prime?
False
Is 259997 composite?
True
Is 339866 a composite number?
True
Is 1115 prime?
False
Is 197947 a prime number?
True
Is 10267 prime?
True
Is 6365823 prime?
False
Is 40405 prime?
False
Is 15971 prime?
True
Is 15661 a prime number?
True
Is 88919 composite?
False
Is 299759 a composite number?
True
Is 56447 a composite number?
True
Is 24329 composite?
False
Is 887 composite?
False
Is 98639 prime?
True
Is 18461 a composite number?
False
Is 3203 a prime number?
True
Is 556679 a composite number?
False
Is 1256713 a prime number?
False
Is 221239 a composite number?
False
Is 2203 composite?
False
Is 13963 a composite number?
False
Is 7255 composite?
True
Is 2031647 composite?
True
Is 42685 prime?
False
Is 13919 prime?
False
Is 3809 a composite number?
True
Is 37451 composite?
True
Is 6227 composite?
True
Is 51215 a prime number?
False
Is 318523 composite?
False
Is 20721 a composite number?
True
Is 60899 a composite number?
False
Is 168523 prime?
True
Is 23423 a composite number?
True
Is 253219 composite?
True
Is 659726 a composite number?
True
Is 182773 composite?
False
Is 46679 composite?
False
Is 47335 prime?
False
Is 12827 a prime number?
False
Is 26089 prime?
False
Is 2177 prime?
False
Is 8027 a prime number?
False
Is 293171 composite?
True
Is 65281 a composite number?
True
Is 28343 composite?
True
Is 4201 composite?
False
Is 34421 composite?
False
Is 58537 a prime number?
True
Is 7639 a composite number?
False
Is 7387 composite?
True
Is 162521 composite?
True
Is 12991 a prime number?
False
Is 29363 composite?
False
Is 409481 composite?
True
Is 137623 a composite number?
False
Is 6664115 composite?
True
Is 5669 a prime number?
True
Is 139729 a composite number?
False
Is 797 composite?
False
Is 49253 composite?
False
Is 30059 composite?
False
Is 1777 prime?
True
Is 112741 a composite number?
False
Is 22613 a prime number?
True
Is 41579 composite?
False
Is 99449 prime?
False
Is 325921 a prime number?
True
Is 490519 prime?
True
Is 176555 composite?
True
Is 115279 a composite number?
False
Is 6803 prime?
True
Is 17291 a composite number?
False
Is 4393 composite?
True
Is 553013 a composite number?
False
Is 10007 composite?
False
Is 16143 a prime number?
False
Is 90205 a prime number?
False
Is 82921 a composite number?
True
Is 104285 composite?
True
Is 9599 prime?
False
Is 366819 a composite number?
True
Is 12029 a prime number?
False
Is 792731 prime?
True
Is 24437 prime?
False
Is 1364757 prime?
False
Is 40438 prime?
False
Is 60641 a composite number?
True
Is 129169 a composite number?
False
Is 55967 prime?
True
Is 21961 a composite number?
False
Is 12003 composite?
True
Is 400306 composite?
True
Is 18623 prime?
False
Is 22141 a composite number?
True
Is 62329 a composite number?
True
Is 28027 a prime number?
True
Is 212057 prime?
True
Is 271 composite?
False
Is 55043 prime?
False
Is 276581 prime?
True
Is 3643 prime?
True
Is 3511 a prime number?
True
Is 28781 prime?
False
Is 75883 a prime number?
True
Is 256429 prime?
False
Is 4583 composite?
False
Is 139415 prime?
False
Is 196795 a prime number?
False
Is 369649 a prime number?
False
Is 13063 a prime number?
True
Is 2103907 composite?
True
Is 1501469 prime?
False
Is 36037 a composite number?
False
Is 5381 composite?
False
Is 2579 a composite number?
False
Is 237 prime?
False
Is 12821 prime?
True
Is 183367 a prime number?
False
Is 319049 a composite number?
False
Is 12197 prime?
True
Is 49519 prime?
False
Is 28787 a prime number?
False
Is 19613 composite?
True
Is 314551 a prime number?
False
Is 69877 composite?
False
Is 11335 composite?
True
Is 1340503 a composite number?
True
Is 3503 prime?
False
Is 310519 prime?
False
Is 58067 prime?
True
Is 129547 a prime number?
False
Is 1099 a prime number?
False
Is 24483 prime?
False
Is 544282 a prime number?
False
Is 6595 a prime number?
False
Is 65599 prime?
True
Is 16805 a prime number?
False
Is 32647 a composite number?
False
Is 57961 prime?
False
Is 13703 composite?
True
Is 4249259 prime?
False
Is 393493 a composite number?
True
Is 16699 a prime number?
True
Is 258053 composite?
True
Is 14471 a prime number?
False
Is 22367 a prime number?
True
Is 2727613 composite?
True
Is 8864267 a prime number?
True
Is 20287 a composite number?
False
Is 117937 a composite number?
False
Is 392099 composite?
False
Is 4091 a prime number?
True
Is 3793 composite?
False
Is 153541 a prime number?
False
Is 15653 a composite number?
True
Is 3443207 composite?
False
Is 4327 a prime number?
True
Is 12731 prime?
False
Is 105785 prime?
False
Is 19678 a prime number?
False
Is 229459 composite?
False
Is 7853 a prime number?
True
Is 18779 composite?
True
Is 83199 composite?
True
Is 11631 composite?
True
Is 52259 a composite number?
False
Is 5041 prime?
False
Is 831967 prime?
True
Is 96171 prime?
False
Is 24331 composite?
True
Is 524633 prime?
True
Is 8741 prime?
True
Is 67091 a prime number?
False
Is 912631 a prime number?
True
Is 9967 prime?
True
Is 9527 a prime number?
False
Is 1086853 a composite number?
True
Is 48073 composite?
False
Is 8711 a composite number?
True
Is 134297 a composite number?
True
Is 73499 prime?
False
Is 1742249 a composite number?
False
Is 204883 composite?
True
Is 906429 a prime number?
False
Is 53011 composite?
True
Is 40009 a composite number?
False
Is 24869 a composite number?
True
Is 221839 composite?
True
Is 282797 prime?
True
Is 869 prime?
False
Is 48233 composite?
True
Is 1657 a prime number?
True
Is 149021 prime?
True
Is 1874 composite?
True
Is 137303 composite?
False
Is 1251571 a prime number?
True
Is 71741 prime?
True
Is 360457 a composite number?
False
Is 4703 prime?
True
Is 703691 a prime number?
True
Is 567793 a prime number?
True
Is 12821 prime?
True
Is 100103 composite?
False
Is 878 composite?
True
Is 12955 a prime number?
False
Is 53951 a composite number?
False
Is 6295 a composite number?
True
Is 127021 a composite number?
True
Is 384089 composite?
False
Is 1922027 a prime number?
True
Is 761167 a prime number?
False
Is 54811 a composite number?
True
Is 20467 a prime number?
False
Is 380041 a composite